t the prime factors of 1116287336.
2, 23, 37, 7129
What are the prime factors of 38669813?
7, 13, 251, 1693
List the prime factors of 13062225.
3, 5, 11, 71, 223
What are the prime factors of 26912929?
31, 293, 2963
What are the prime factors of 38611233?
3, 17, 73, 3457
What are the prime factors of 248838512?
2, 13, 41, 29179
What are the prime factors of 10599579?
3, 130859
What are the prime factors of 384758113?
19, 3221, 6287
What are the prime factors of 293159323?
5153, 56891
List the prime factors of 1840997439.
3, 17, 73, 164831
List the prime factors of 40722683.
79, 515477
List the prime factors of 63642674.
2, 31821337
What are the prime factors of 275870709?
3, 19, 1613279
List the prime factors of 32289702.
2, 3, 19, 29, 9767
What are the prime factors of 104691039?
3, 283, 123311
What are the prime factors of 17457927?
3, 607, 9587
List the prime factors of 46627773.
3, 967, 16073
List the prime factors of 15765514.
2, 941, 8377
List the prime factors of 75956311.
75956311
List the prime factors of 1991002658.
2, 995501329
What are the prime factors of 21282887?
761, 27967
List the prime factors of 7446851051.
19, 83, 4722163
What are the prime factors of 712624651?
751, 948901
List the prime factors of 16890073.
23, 41, 17911
What are the prime factors of 33805655?
5, 13, 19, 31, 883
What are the prime factors of 44652099?
3, 457, 32569
What are the prime factors of 174642509?
19, 9191711
What are the prime factors of 1751497614?
2, 3, 41, 73, 10837
List the prime factors of 348624928.
2, 1723, 6323
List the prime factors of 857815430.
2, 5, 85781543
List the prime factors of 893361392.
2, 7, 11, 65921
What are the prime factors of 127645571?
17, 53, 141671
What are the prime factors of 65970240?
2, 3, 5, 7, 9817
What are the prime factors of 744055513?
744055513
List the prime factors of 340570185.
3, 5, 31, 73, 79, 127
What are the prime factors of 620946194?
2, 11, 28224827
List the prime factors of 747524161.
73, 293, 34949
What are the prime factors of 199013?
71, 2803
List the prime factors of 1821465255.
3, 5, 17, 7143001
What are the prime factors of 1835307052?
2, 19, 3733, 6469
What are the prime factors of 849968213?
1381, 615473
What are the prime factors of 508660699?
508660699
List the prime factors of 306119303.
7, 6451, 6779
List the prime factors of 32842554.
2, 3, 73, 167, 449
What are the prime factors of 7408961?
7, 1058423
What are the prime factors of 664903035?
3, 5, 31, 476633
What are the prime factors of 121661680?
2, 5, 7, 217253
What are the prime factors of 643922547?
3, 214640849
What are the prime factors of 693993261?
3, 13, 17, 73, 1103
What are the prime factors of 2909155?
5, 23, 41, 617
What are the prime factors of 1903748835?
3, 5, 126916589
List the prime factors of 816074834.
2, 17, 24002201
What are the prime factors of 45771663?
3, 7, 2179603
What are the prime factors of 1879940376?
2, 3, 17, 167, 541
List the prime factors of 102241398.
2, 3, 7, 2434319
What are the prime factors of 276764300?
2, 5, 2767643
What are the prime factors of 630918672?
2, 3, 37, 103, 3449
List the prime factors of 2865717665.
5, 367, 463, 3373
What are the prime factors of 336359223?
3, 19, 11503
List the prime factors of 80841553.
13, 6218581
List the prime factors of 294790239.
3, 1693, 6449
What are the prime factors of 1325118?
2, 3, 37, 47, 127
List the prime factors of 121429194.
2, 3, 20238199
What are the prime factors of 20555322?
2, 3, 991, 3457
List the prime factors of 950091171.
3, 316697057
List the prime factors of 3429199488.
2, 3, 11, 13, 197, 317
What are the prime factors of 27380899?
7, 13, 300889
List the prime factors of 8118986570.
2, 5, 811898657
List the prime factors of 52638427.
89, 591443
What are the prime factors of 2509061499?
3, 7, 53, 487, 1543
List the prime factors of 134275243.
491, 273473
What are the prime factors of 5901378762?
2, 3, 983563127
What are the prime factors of 180880369?
67, 337, 8011
List the prime factors of 352788746.
2, 109, 593, 2729
What are the prime factors of 69569842?
2, 37, 25409
List the prime factors of 13316918.
2, 31, 214789
List the prime factors of 20796158.
2, 10398079
What are the prime factors of 267363895?
5, 43, 823, 1511
List the prime factors of 4322171893.
13, 523, 635707
List the prime factors of 13561731.
3, 89, 16931
List the prime factors of 100108682.
2, 17, 19, 353, 439
List the prime factors of 44831528.
2, 7, 181, 4423
What are the prime factors of 248650164?
2, 3, 7, 986707
What are the prime factors of 749241044?
2, 241, 777221
What are the prime factors of 1531275945?
3, 5, 23, 4438481
What are the prime factors of 101870987?
17, 5992411
What are the prime factors of 57924923?
7, 41, 201829
List the prime factors of 87752469.
3, 7, 19, 219931
List the prime factors of 103802798.
2, 11, 1217, 3877
List the prime factors of 109849344.
2, 3, 11, 13003
What are the prime factors of 698711?
13, 71, 757
What are the prime factors of 1328480695?
5, 265696139
List the prime factors of 90091700.
2, 5, 900917
List the prime factors of 60321282.
2, 3, 7, 1436221
List the prime factors of 1545506710.
2, 5, 11, 14050061
List the prime factors of 2396334212.
2, 17, 23, 1532183
List the prime factors of 3066223673.
719, 4264567
What are the prime factors of 6050506276?
2, 1512626569
What are the prime factors of 1210340222?
2, 7, 13, 293, 22697
List the prime factors of 5470992.
2, 3, 37993
What are the prime factors of 415310172?
2, 3, 23, 1504747
List the prime factors of 369490790.
2, 5, 113, 326983
List the prime factors of 1678028051.
7, 277, 865409
List the prime factors of 219617028.
2, 3, 137, 14843
What are the prime factors of 328127934?
2, 3, 54687989
What are the prime factors of 1853884326?
2, 3, 7, 6305729
What are the prime factors of 275464139?
275464139
What are the prime factors of 203491227?
3, 1277, 53117
List the prime factors of 1731646301.
7, 11, 19, 191, 6197
What are the prime factors of 534650918?
2, 17, 19, 827633
What are the prime factors of 1876138125?
3, 5, 101, 9907
List the prime factors of 461867683.
461867683
What are the prime factors of 37728392?
2, 13, 499, 727
List the prime factors of 51211411.
31, 1651981
List the prime factors of 33371997.
3, 197, 56467
List the prime factors of 3593126875.
5, 13, 107, 4133
What are the prime factors of 415956005?
5, 83191201
List the prime factors of 67942255.
5, 13588451
What are the prime factors of 243322136?
2, 59, 83, 6211
List the prime factors of 282034285.
5, 13, 41, 105829
What are the prime factors of 128821936?
2, 8051371
What are the prime factors of 162396989?
2161, 75149
What are the prime factors of 536594576?
2, 7, 4791023
What are the prime factors of 370723337?
370723337
What are the prime factors of 81739705?
5, 16347941
What are the prime factors of 107087304?
2, 3, 4461971
List the prime factors of 1033316560.
2, 5, 59, 218923
List the prime factors of 1531742419.
8629, 177511
List the prime factors of 175046189.
47, 73, 163, 313
List the prime factors of 26143597.
853, 30649
List the prime factors of 135480498.
2, 3, 22580083
List the prime factors of 45413537.
13, 3493349
List the prime factors of 481699367.
29, 541, 30703
List the prime factors of 5928920411.
5928920411
What are the prime factors of 2652380675?
5, 7, 15156461
List the prime factors of 1048741444.
2, 262185361
List the prime factors of 4862060613.
3, 19, 59, 160639
List the prime factors of 690174966.
2, 3, 13, 617, 14341
List the prime factors of 65948680.
2, 5, 7, 317, 743
List the prime factors of 32499702.
2, 3, 61, 29599
List the prime factors of 2784748596.
2, 3, 7, 4735967
What are the prime factors of 64612813?
349, 185137
What are the prime factors of 32785592?
2, 7, 59, 9923
List the prime factors of 1071137929.
929, 1153001
What are the prime factors of 4572636373?
1481, 3087533
What are the prime factors of 59418564?
2, 3, 29, 113, 1511
List the prime factors of 2748130181.
2748130181
List the prime factors of 129556685.
5, 25911337
What are the prime factors of 1153355353?
67, 3329, 5171
What are the prime factors of 203363953?
13, 23, 113, 463
List the prime factors of 2907278100.
2, 3, 5, 59, 54751
What are the prime factors of 336653417?
37, 909874